 - 11*p + 10*p. Suppose -4*q = 3*l - 20, -4*q = 5*l - 0*l - 20. Calculate w(l).
-10
Let w(z) = -15*z**2 + z - 1. Suppose 5 = 5*u + 5*v, 3*u + 2*v - v = 3. What is w(u)?
-15
Let d(s) = s**3 + 5*s**2 + 4*s + 5. Let q be (3 - -1)*(0 + -1). Calculate d(q).
5
Let f(c) = 6*c - 1. Let p = -15 - -16. What is f(p)?
5
Let f be (-6 + 4)/((-6)/(-15)). Let v(d) = d**2 + 4*d - 1. Give v(f).
4
Let y(i) = i**2 + 6*i + 5. Let j(v) = v + 11. Let w be j(9). Suppose -2*q = -5*s - q - 24, -5*q = 3*s + w. Determine y(s).
0
Suppose -5*t + t + 3*r = 9, 0 = 2*t + 3*r - 9. Let x(k) = 7*k**3 + 0*k - 1 + t*k + 2 - k**2. Give x(1).
7
Let c(g) = -g**2 + 6*g + 4. Let d(a) = a**2 - 3*a + 1. Let r be ((-6)/15)/(1/(-10)). Let b be d(r). Let s be 3/(-15) - (-26)/b. What is c(s)?
9
Let h(u) = u**2 + 10*u + 5. Let b be -4*1/(-4)*-9. Determine h(b).
-4
Suppose -b + 0*b - 2 = -3*g, -4*g + 9 = 5*b. Suppose 0 = 4*t - 2*t + 4*z, -3*t = 5*z + b. Let a(x) = 1 - 4 - 4*x**3 - 4*x + 5*x**3. What is a(t)?
-3
Let f(m) = m**3 - 5*m**2 - 6*m + 5. Suppose 40 + 10 = 5*s. Let n = -7 + s. Suppose -n*y = 6, 5*d - 2*y = -0 + 34. Give f(d).
5
Let n be (-4)/(-16) - 37/4. Let x(y) = y**2 + 11*y + 7. What is x(n)?
-11
Let g(j) = 0*j + 0*j - 4*j - 1. Let p(m) = -m**2 - m - 2. Let u be p(0). Determine g(u).
7
Let i(v) be the third derivative of v**5/60 - 2*v**3/3 - 11*v**2. Determine i(4).
12
Let v(x) = 4*x**3 - x**2 + 2. Let l(s) = -5*s**3 - s**2 - s. Let q be l(-1). Suppose 0 = -h + 6*h - q. Let f(g) = g + 1. Let n(j) = h*f(j) - v(j). Give n(1).
-3
Let a(z) be the third derivative of -z**5/20 - z**4/12 - z**3/6 + z**2. Calculate a(-2).
-9
Let d(t) = 1. Let r(q) = q + 1. Let a(l) = -6*d(l) - r(l). What is a(-3)?
-4
Let i(v) = -v - 1. Let h(g) = -g**3 + 5*g**2 + 2*g + 3. Let s(z) = -h(z) + 3*i(z). Give s(6).
0
Let h(o) = o**3 + 9*o**2 - o - 5. Let w be h(-9). Let d(p) = -p**3 + 3*p**2 + 4*p + 3. Calculate d(w).
3
Let a(t) be the second derivative of t**7/2520 + t**6/360 - 7*t**5/120 - t**4/12 + t. Let q(j) be the third derivative of a(j). Determine q(-5).
8
Let i(h) = -h**3 - 3*h**2 - 2*h - 8. Let n(y) = 0 - 1 + y - 3 - 3. Let r be n(8). Let p(f) = -f - 1. Let k(o) = r*i(o) - 4*p(o). What is k(-4)?
4
Let u(q) = q**3 - q**2 + q + 3. Let v = -6 - -6. Let z be (1 + v + -1)/1. What is u(z)?
3
Let k(s) = 51*s**2 - 28*s**2 - 24*s**2 - 1 - 7*s. Give k(-8).
-9
Let c(k) be the second derivative of -k**6/120 + k**5/15 + 5*k**4/24 - k**3/2 + 11*k**2/2 - 2*k. Let i(y) be the first derivative of c(y). Calculate i(4).
17
Suppose f = -f - 4. Let r = -15 - -18. Let v(d) = 3*d + r - 4*d - 4. Calculate v(f).
1
Let c(n) = -6*n**3 + 2*n**2 + n. Let t be 65/(-52) - (-2)/8. Calculate c(t).
7
Let d(w) = 3*w**3 - 4*w**3 - 5*w + 5 + 0 - 4*w**2 - 2*w**2. Determine d(-5).
5
Let u = -14 + 10. Let f(i) be the first derivative of -2*i - 6 - 1/3*i**3 - i**2. Calculate f(u).
-10
Suppose 4 = -3*u + 13. Let q(h) = -h + 18. Let k be q(14). Let f(g) = 41*g - 4 - 3*g**2 + k*g**2 - 22*g - 21*g. Calculate f(u).
-1
Let u(l) = l**2 - 2*l. Suppose 2*g - 5*j = 14, 2*j - 3*j = g. Calculate u(g).
0
Let h(r) be the first derivative of r**2/2 + 6*r + 1. What is h(-7)?
-1
Let a(v) be the second derivative of -v**3/6 + 5*v**2/2 + 4*v. What is a(7)?
-2
Let g(f) = -f**2 + 4*f - 6. Let p be 6/(0 + 1) + (2 - 3). What is g(p)?
-11
Suppose -32 + 8 = 4*c. Let p(d) = -d**2 - d. Let j(a) = -6*a**2 - 14*a - 8. Let m(f) = j(f) - 5*p(f). Calculate m(c).
10
Let z(w) be the first derivative of w**3 + 5*w**2/2 + 2*w + 22. Determine z(-3).
14
Let u(y) be the second derivative of -y**3/6 - y**2/2 - 6*y. Determine u(-1).
0
Let o(z) be the third derivative of -5/24*z**4 + 0*z + 0 + 1/6*z**3 - 3*z**2. Suppose 0 = -2*a + 1 + 1. Give o(a).
-4
Let p(g) = -g**2 + 4*g - 1. Let z be p(3). Let h(n) = -n - 2*n**z + n**3 + 2*n - 2 - 4*n + 5. Give h(3).
3
Suppose 2*c = -2*t - 3*t + 26, 5*c - 3*t - 3 = 0. Let d(h) = 2*h + 2. Calculate d(c).
8
Suppose q - 12 = -q. Let y(b) be the second derivative of b**5/20 - b**4/2 + b**3/6 - 2*b**2 + 7*b. Determine y(q).
2
Let l(j) = j**2 - 5. Let q(d) = -d - 10. Let o be q(-6). Determine l(o).
11
Let h(c) = 2*c**3 + c**2 + 9*c - 3. Let o(b) = -b**3 + b**2 - b - 1. Let f(y) = -h(y) - 3*o(y). What is f(5)?
1
Let c be (-2)/(-3) - (2 - (-35)/(-15)). Suppose -3*j + 9 = 2*p, -5*p + 1 = -4*j - 10. Let y(w) = 6*w**3 + 2*w**p - w**2 + 2*w**2. Calculate y(c).
9
Let i(n) = 10*n**3 - 6*n + 10*n**2 - 7*n - 3*n**3 - 4. Let s(x) = -8*x**3 - 11*x**2 + 14*x + 4. Let c(f) = -7*i(f) - 6*s(f). Calculate c(-5).
-6
Let r = 12 - 9. Let m(o) = -o**2 + o + 2. Calculate m(r).
-4
Let g(o) = o**2 + 2*o. Let k(s) = -s**2 - 2*s + 1. Let r(y) = -2*g(y) - 3*k(y). Let a be (-2)/(-8) - 25/4. Let h = a - -8. What is r(h)?
5
Let p = -2 + -1. Let z be (2/p)/(2/(-9)). Suppose -z*f - 2*f + 5 = 0. Let b(w) = 2*w + 1. What is b(f)?
3
Let l(q) = -q - 1. Let j(s) = -2 - 4*s - 4 + 3 - 5. Let g(p) = j(p) - 6*l(p). Calculate g(4).
6
Let z(y) = -4*y**2 + 3*y**2 - 4 - 2*y + 2*y**2 + 2. Suppose 2*d - i - 3*i + 12 = 0, -i = -3*d + 2. Suppose -d*r = -o + 10, -5*r - 8 = 2*o + 8. Calculate z(o).
-2
Let p(c) = 2*c**2 + c. Suppose i + 3*a - 4*a = -6, -a + 4 = i. What is p(i)?
1
Let p(k) = k + 3. Let u = 8 - 6. Suppose 3*q - 5*q - 8 = u*g, -4*g = -4*q - 24. Determine p(q).
-2
Let a(c) = 11*c**3 + 1. Let n(p) be the first derivative of p**3/3 + 5*p**2/2 + 4*p - 1. Let k be n(-5). Let s = k + -3. What is a(s)?
12
Let t(j) = j**3 + 13*j**2 + 11*j - 7. Let y = 22 - 34. Let x be t(y). Let r(q) = -q + 3. What is r(x)?
-2
Let a(q) be the third derivative of -q**4/24 - q**3/6 - q**2. Let y be a(2). Let r(i) = i - 4. Give r(y).
-7
Let f = 79 - 69. Let u(c) = -c**3 + 9*c**2 + 10*c - 1. Calculate u(f).
-1
Let z(m) = -m**2 + 2*m + 1. Let p(h) = 2*h**3 - 2*h + 1. Let x be p(1). Suppose -4*w + x = -7. Determine z(w).
1
Let u(d) = -d + 12. Let n(r) = 6. Let h(f) = 5*n(f) - 2*u(f). Suppose -3*l - 38 = -23. Give h(l).
-4
Let s be (-1 + 3)*63/(-6). Let c = 13 + s. Let k(a) = -a**2 - 9*a - 3. Give k(c).
5
Let y(g) be the third derivative of -g**5/60 + g**3/2 - g**2. Let d be ((-4)/(-6))/(4/102). Suppose 5*r = c - d - 5, -5*c = -3*r. Determine y(c).
-6
Let g(o) = -3*o + 32 - 33 + 6*o + 0*o - o**2. What is g(5)?
-11
Suppose -3*w - 4*u = -22, -2*w = -5*u - 2 - 5. Let g(t) = 3*t - 24. Let i(v) = 2*v - 16. Let a(y) = -5*g(y) + 8*i(y). Give a(w).
-2
Let s(n) = -2*n - 20 + 20. Let f(t) = 4*t**2 - 3. Let i(m) = m**2 - m. Let d(r) = f(r) - 3*i(r). Let x be d(-4). Determine s(x).
-2
Let q be 3*((-20)/(-6))/(-2). Let g = 23 + -21. Let k(a) = -a**g - 6*a + 8 - 3 - 3. Give k(q).
7
Let d(i) = -16*i**2 + 3*i + 4. Let c(t) = -3*t**2 + 1. Let b(z) = 5*c(z) - d(z). Let a(u) = u**3 - 5*u**2 + u - 2. Let l be a(5). Determine b(l).
1
Let p(z) = 12*z**3. Suppose -5*o = k - 4*k + 5, 0 = -o - k - 1. What is p(o)?
-12
Let f(t) be the third derivative of -t**5/60 + t**4/24 - t**3/3 - 2*t**2 - 15*t. Suppose -q + 13 = -3*i, 0 = i + 2 + 3. What is f(q)?
-8
Let o(j) = j**3 + 17*j**2 + 16*j + 1. Let t be o(-16). Let z(x) = -8*x**3 - 2*x**2 + x. Give z(t).
-9
Let q(v) = v + 4. Let o be q(-3). Let w(g) = 12*g**3 + 2*g**2 - 1. Determine w(o).
13
Let f = 10 + -11. Let n = f + 5. Let b(w) = 5 + 7*w**3 + 3*w + 3*w**2 - 8*w**3 - 2*w. Give b(n).
-7
Let m(i) = i**2 - 3*i + 1 + 2*i + 3*i - 5. Let x(f) = f**3 + 6*f**2. Let j be x(-5). Suppose 4*l = 4*k - 28, k + j = -4*l + 4*k. Give m(l).
4
Let j = -10 - -9. Let h(a) = 10*a + 1. Give h(j).
-9
Let s(k) = 3*k**2 + 6*k. Let u(l) = 7*l**2 + 12*l - 1. Let z(n) = -5*s(n) + 2*u(n). Calculate z(-6).
-2
Let a(p) = -p + 0 - 1 - 1. Let q(v) = v**3 + 8*v**2 + 9*v + 10. Suppose 3 = j, -28 = 3*c - 4*j + 5. Let m be q(c). What is a(m)?
2
Let i(a) be the first derivative of a**2 + 10*a - 6. What is i(-7)?
-4
Suppose -94 + 4 = 5*o. Let a be (-1 + -2)*(-12)/o. Let t(n) = n**3 + 3*n**2 - 2*n - 1. Calculate t(a).
7
Let u = 4 + 2. Let n(b) = b - 6. Determine n(u).
0
Let v(t) = t**2 + 3*t**2 + 3*t + t**3 + 4 - 3*t + 3*t. Suppose -2*r = 3*c + 11, -5*r - c = 36 - 15. Determine v(r).
-8
Let f = 1 - -3. Let z(p) = p**2 - 5*p + 6. Let x be z(f). Let m(w) = 3*w**2 - w - 2. What is m(x)?
8
Suppose -6*y - 96 + 84 = 0. Let k(c) be the third derivative of -c**5/60 - c**4/8 + c**3/3 + 3*c**2. Calculate k(y).
4
Let y(f) = -f**3 + 3*f**2 + 4